pose m - l = -29. What is the highest common factor of 16 and m?
8
Let n = 129 - 61. Let j be n/6 + 3/(-9). Suppose 4*m - 484 = 4*l, -2*l - 335 = -3*m + 28. What is the highest common divisor of m and j?
11
Let y be 6*-3*(-2)/(-6). Let t be (-192)/(-9) - y/9. Calculate the highest common divisor of 242 and t.
22
Suppose -2*k - 3*p = -7*k + 112, k - 32 = 3*p. Let r = -14 + k. What is the greatest common factor of r and 6?
6
Let o = 16 + -14. Let l be (-9 + o)*-3 + 0. Calculate the highest common divisor of 3 and l.
3
Suppose -43*k + 326 + 620 = 0. What is the highest common divisor of 913 and k?
11
Let t be (-1 - 0)/((-51)/102). What is the highest common divisor of 242 and t?
2
Let c = 1640 + -1540. What is the greatest common factor of c and 350?
50
Let s = -48 + 59. Suppose -3*l - 3*m = -9, 3*l + 0*l - 3*m = -3. Let y be 4*(l + 5) - 2. Calculate the greatest common divisor of s and y.
11
Suppose -516 = -15*f + 11*f. What is the highest common factor of 86 and f?
43
Suppose -3*f - 3*x - 160 = -442, 0 = -f - 4*x + 106. Calculate the greatest common divisor of 18 and f.
18
Suppose -2*p + 272 = 5*n, -10*n = 5*p - 15*n - 610. Calculate the greatest common factor of 36 and p.
18
Let l(w) = 83*w - 216. Let z be l(3). Calculate the greatest common factor of z and 297.
33
Let n(k) = -2*k**2 - 12*k + 20. Let g be n(-7). Let z be (22/(-4))/(g/(-24)). Let v = -372 - -548. Calculate the greatest common divisor of v and z.
22
Let c(w) = -23*w - 40. Let j be c(-4). Calculate the highest common divisor of j and 39.
13
Let z = -1930 + 1937. What is the highest common divisor of z and 203?
7
Suppose 21*u = 18*u + 6. Let f(d) = d**3 + 2*d**2 - d. Let x be f(-2). Suppose 16 = x*j - j. Calculate the highest common factor of u and j.
2
Suppose 14*r - 19*r = 2*q - 1770, 10 = 5*r. Calculate the greatest common divisor of q and 110.
110
Let d = -32 + 34. Suppose -4*g + 7*w - 2*w = -78, 4 = -d*w. What is the highest common divisor of g and 68?
17
Suppose 2*i = -27 + 63. Calculate the highest common factor of 72 and i.
18
Suppose 2754 = 3*r + 5*t, -10*t + 12*t + 1820 = 2*r. Calculate the highest common divisor of 11 and r.
11
Let i(h) = -h**2 + 18*h + 3. Let b be i(7). Suppose 3*z = -12, -2*v + b = v + z. Calculate the highest common divisor of v and 4.
4
Let m(p) = -p**2 + 14*p + 19. Let z be m(15). Calculate the greatest common factor of 68 and z.
4
Let b(r) = -2*r**2 - 40*r + 6. Let j be b(-20). Suppose j*x - 43 = 53. What is the greatest common divisor of x and 1?
1
Let c(m) = 2*m**2 - m - 4. Let k = 4 + -1. Let w be c(k). Suppose 0*i = 2*i + 4*g - 2, 2*i = 2*g + 32. What is the highest common factor of i and w?
11
Let r(m) = -m**3 + 7*m**2 - 6. Let z be r(5). Let t be 2/(16/12)*z. Calculate the highest common divisor of t and 6.
6
Suppose 213 = 2*g + 59. What is the greatest common divisor of 44 and g?
11
Let k be 2/(-14) - (-19123)/91. Suppose -3*i - k = -5*i. Calculate the greatest common factor of 15 and i.
15
Let y(d) = -d**2 + 8*d - 6. Let n be y(8). Let v be 16/n*(-63)/12. Calculate the highest common factor of 7 and v.
7
Suppose -6*c - c = -3*c. Suppose 4*h + 5*w = 13, -4*h + 31 = -c*w - w. What is the highest common divisor of h and 21?
7
Let a = 17 + -9. Let k = -7 + a. Let g = k - -7. Calculate the greatest common divisor of 88 and g.
8
Suppose 2*w = w + 8. Suppose 2*f + 3*l - 120 = -f, -3*l = 4*f - 160. What is the highest common divisor of w and f?
8
Let z be 4/(((-57)/(-1425))/((-1)/(-4))). Suppose 0 = -q - y + 13, 3*y + 15 - 4 = 2*q. What is the highest common factor of z and q?
5
Suppose 48 = 3*z - 0*z. Suppose -3*o + 3*d + 151 = -185, 2*o - 224 = -2*d. Calculate the greatest common divisor of z and o.
16
Let t(r) = r + 69. Let c be t(2). Calculate the greatest common factor of 71 and c.
71
Suppose -2*t - 5*o = -45, 2*t - 40 = -2*o - 2*o. Suppose -2 - t = -r. What is the greatest common factor of 84 and r?
12
Let a be (5 + 11565/(-63))/(1/(-7)). Calculate the greatest common divisor of a and 20.
10
Suppose 0 = 2*w - w - 7. Let i = -8 + w. Let b(o) = -8*o. Let h be b(i). What is the greatest common divisor of 8 and h?
8
Suppose -50*z - 4 = -51*z. What is the greatest common divisor of 128 and z?
4
Suppose 0*n = -3*n - 4*l + 98, n - 32 = -l. Suppose 2*a - 20 - 18 = 4*y, -a + 4*y + 23 = 0. What is the highest common factor of a and n?
15
Suppose 7*q - 10 = 2*q. Suppose 5*v = 2*b + 19, -4*v - q*b = 3*b - 2. Suppose -9 = -v*f + 2*m, 0 = 5*m - 2*m. What is the highest common divisor of f and 3?
3
Suppose -3*g = -2*k - 11, 5*k + 34 = 4*g + 10. What is the greatest common factor of g and 27?
1
Let f = 6 + 25. Suppose 5*l + k - f + 6 = 0, -5*l = -3*k - 45. What is the highest common factor of l and 54?
6
Let n be 13/(52/120) - 0. Let s be ((-12)/n)/((-2)/60). What is the greatest common divisor of s and 48?
12
Suppose 0 = 54*u - 58*u + 504. What is the greatest common factor of 162 and u?
18
Let i = 91 - -156. Calculate the greatest common divisor of 19 and i.
19
Let q(v) = -v**3 + 7*v**2 - 7*v + 20. Let o be q(4). Suppose 0 = -2*n - 0 + 10. What is the greatest common factor of n and o?
5
Let v = 26 + -20. Let s be ((-8)/v)/(12/(-450)). Let h = -8 + s. What is the greatest common divisor of 6 and h?
6
Let d(f) = f**2 + 3*f + 2. Let i be d(-3). Suppose i*r - 376 = -2*a + 4*a, 4*a + 752 = 3*r. Let h = -113 - a. Calculate the greatest common divisor of 30 and h.
15
Suppose 0*s = 3*s - 54. Suppose 0 = -24*z + 22*z + 8. Suppose 3*o - 272 = o + 4*x, 5*o - z*x - 650 = 0. What is the highest common factor of o and s?
18
Let x = -1147 - -1249. Calculate the greatest common divisor of 357 and x.
51
Suppose 0 = 12*j + 41 - 809. Let q be (-8)/(-28) + 54/7. What is the highest common factor of j and q?
8
Suppose 85*b = 92*b - 224. Calculate the greatest common factor of b and 24.
8
Let w = 265 - 263. Let v = 17 + -9. What is the highest common factor of w and v?
2
Suppose 0 = 2*z - 1 - 27. Let v(m) = -44*m**2 + m. Let b be v(-1). Let i = b + 52. What is the highest common factor of z and i?
7
Let i = -221 + 236. What is the highest common factor of 480 and i?
15
Let w = 577 - 489. Calculate the greatest common factor of w and 55.
11
Let h(u) = -18*u**3 - u**2 - 2*u. Let o be h(-1). Let m(i) = 2*i**2 - 25*i - 49. Let f be m(o). What is the greatest common divisor of 22 and f?
22
Suppose 0*h + 3*h = 3*a, -3*a - 30 = 3*h. Let f be -4 - (-4 + 1 + h). Calculate the greatest common divisor of f and 8.
4
Suppose 11*q - 5*q = 720. Suppose -p - 2 = -2*p. Suppose 2*a - 4 - 21 = b, a = -p*b + 25. Calculate the greatest common factor of a and q.
15
Suppose -3*w = -10 - 2. Suppose w*v - 3*m = 771, 3*v - 576 = -5*m - 34. Calculate the greatest common divisor of 27 and v.
27
Let d = 10 + -12. Let j be (-9)/(d + 117/60). Suppose -9*b + 14*b = j. Calculate the greatest common divisor of b and 24.
12
Suppose 2*n - q - 56 = -0*n, 5*q = n - 10. Calculate the greatest common factor of 210 and n.
30
Suppose y + 4*u = 2 + 15, -5*y = 5*u - 145. Calculate the highest common factor of y and 264.
33
Let t be (-4 + -2)*-2 - -104. Calculate the greatest common divisor of t and 12.
4
Let k be (-2 + (-402)/9)/(1/(-3)). What is the highest common divisor of k and 105?
35
Let d be (5/(-2))/((-395)/1896). What is the greatest common factor of 1572 and d?
12
Suppose 3*n + 1196 = 49*n. Calculate the greatest common factor of 22 and n.
2
Let i(w) = 4*w**3 - 3*w**2 + w + 3. Let o be i(2). What is the highest common factor of 25 and o?
25
Let v be (-14)/(-7)*((-21)/6 - -1). Let h be -3 - -5 - -145 - v. What is the highest common divisor of 19 and h?
19
Let i(q) = -2*q + 3. Let r be i(4). Let z(x) = -x**3 - 3*x**2 + 2*x + 1. Let s be z(r). Let y = s + -32. What is the greatest common factor of 18 and y?
9
Let u = -93 + 42. Let b = u - -62. What is the highest common factor of 143 and b?
11
Let r be -3 + (-6 + 8 - -30). Let w be (232/(-10))/(2/(-20)). What is the highest common divisor of w and r?
29
Suppose 6*f = -12 + 1464. What is the greatest common factor of f and 1331?
121
Suppose -3*g - 4*x = -38, -4*x + 58 = -14*g + 19*g. What is the greatest common factor of g and 5?
5
Let c(d) = -2*d**3 + 31*d**2 + 2*d + 14. Let p be c(14). What is the highest common divisor of 84 and p?
42
Let j(g) = 19*g**2 +